 be s + 0/4 - -1. Suppose l = -0*u - 3*u - 2*h + 82, -3*h = -u + 9. What is the tens digit of u?
2
Suppose -j = -321 + 93. Suppose -2*s = s - j. What is the units digit of s?
6
Let f = 542 + -276. What is the units digit of f?
6
Let y be 72/30 - (-4)/(-10). Suppose 3*c - 9 = -y*f - 1, 3*c + 5*f - 2 = 0. What is the units digit of 1/c + (-66)/(-24)?
3
Let b = 1009 + 2295. What is the tens digit of b?
0
What is the tens digit of 482 + 36/27*6?
9
What is the units digit of (-1)/(-1)*(-4 - -1920 - -7)?
3
What is the thousands digit of 2*(1183 + (-1)/(-1))?
2
Suppose -14*r = 13 - 55. What is the tens digit of r*2*(-4 + (-34)/(-6))?
1
Let j = -206 + 310. What is the tens digit of j?
0
Let m(a) = -2*a. Let i = 14 - 15. Let x = i + -9. What is the units digit of m(x)?
0
Let l(b) = -b**3 - 3*b**2 + 4*b + 4. Let g(p) = -p**2 - 3*p. Let w be g(-4). Let c be l(w). Suppose -9 - 7 = c*a, 2*t - 18 = -4*a. What is the tens digit of t?
1
Let p(w) = w**2 - 7*w - 1. Let q be p(8). Suppose q*j = 3*j + 216. What is the tens digit of j?
5
Let i be (3 - 1) + 0/(-1). Suppose 3*x + 2*u = 4*x - i, u + 55 = 5*x. What is the units digit of x?
2
Let n(b) = b**3 + 9*b**2 + 6*b + 12. Let m(f) = -f**3 - 6*f**2 - 7*f - 4. Let v be m(-4). Let q be n(v). Let h = 20 + q. What is the tens digit of h?
4
Suppose q = 34*q - 104907. What is the units digit of q?
9
Let k = 579 + 1612. What is the thousands digit of k?
2
Let m be ((-3)/2)/(4/(-16)). Suppose -5*d = -5*u - 45, 4*u - 1 = -5*d + 17. Suppose d*f - m - 18 = 0. What is the units digit of f?
4
Suppose 362 + 113 = -5*o. Let f = 2 - o. What is the units digit of f?
7
Suppose -4*a - 33 = -5*a. Let i = a + 26. What is the tens digit of i?
5
Let x be ((-4)/10)/(4 - (-21)/(-5)). Suppose x*w + 3*j - 70 = 0, -3*w + 6*j - 3*j + 90 = 0. What is the tens digit of w?
3
Let k = -113 - -635. What is the tens digit of k?
2
Let m = -8 + 26. Suppose -6*t = -t + 3*v - 52, 0 = -3*t - 2*v + 31. Suppose -x + t = -m. What is the units digit of x?
9
Let f(s) = -s**3 - 13*s**2 + 43*s + 378. What is the units digit of f(-15)?
3
Suppose -28 = 2*j - 3*j + 2*t, 0 = j - 4*t - 18. Suppose 2*z = 3*r + j, 7*z - 5*r - 42 = 5*z. What is the tens digit of z/88 + 493/11?
4
Let g(q) = q**3 + 22*q**2 - 22*q + 24. What is the tens digit of g(-22)?
0
Let j(v) = -19*v**3 - v - 2. Let g be j(-2). Suppose 124 = 6*u - g. What is the units digit of u?
6
Let k = 274 + 848. What is the units digit of k?
2
Let g(r) = -r**3 + 22*r**2 - 17*r + 33. Let v be g(20). Let i = -288 + v. What is the tens digit of i?
0
Let g = -1133 - -664. Let i = -298 - g. What is the units digit of i?
1
Suppose 89*w - 2*w - 147117 = 0. What is the units digit of w?
1
Let r = 687 - -691. What is the units digit of r?
8
Let m(z) = -9*z**3 - 17*z**2 + 14*z + 12. What is the thousands digit of m(-6)?
1
Let i(b) = 3*b**3 - 2*b**2 - 2*b + 10. Suppose 5*p + 24 = 11*p. What is the tens digit of i(p)?
6
Suppose 0*o + 4*o - 3792 = -i, 3*i = 0. Suppose 0 = 18*v - 24*v + o. What is the hundreds digit of v?
1
Let w be -3 - 10*1/(-2). Suppose -5*d = -w*d - 12. Suppose -z - 69 = -d*z. What is the units digit of z?
3
Let r(j) be the third derivative of j**4/8 + 5*j**3/6 + 55*j**2 + 1. Suppose 4*i = 28 - 0. What is the tens digit of r(i)?
2
What is the tens digit of (-50)/(-3)*(-11931)/(-82)?
2
Let d(a) = -8*a - 6. Let v be (-2)/(21/9 + -3). Suppose -z = v*x + 1, x = -2*z - 0 - 7. What is the units digit of d(z)?
6
Let g = 78 - 35. What is the units digit of g?
3
Let i(a) = a**3 + 2*a**2 + a + 1. Let x be i(-1). Let n = x - -97. What is the units digit of n?
8
Suppose -56 - 169 = -5*x. Suppose x = 4*w - 11. What is the units digit of w?
4
Let q = -269 + 482. Suppose 2*j + 51 = q. What is the units digit of j?
1
Let v(l) = -2*l**2 - 13*l - 3. Suppose -2*s + 15 = -7*s. Let d(n) = -n**2 - 7*n - 2. Let i(t) = s*v(t) + 5*d(t). What is the units digit of i(-6)?
1
Let k(j) = 97*j - 973. What is the units digit of k(42)?
1
Suppose g + 230 = y - 867, -2*y = -g - 2194. What is the units digit of y?
7
Let f(o) = o**3 + 3*o**2 - 2*o**2 - 69 - 3*o + 70. Let u(i) = i**3 - 6*i**2 + i - 4. Let y be u(6). What is the units digit of f(y)?
7
Suppose -6 = -2*s + 64. What is the units digit of -2*s/10*-1?
7
Let u(w) = -64*w + 36. What is the tens digit of u(-11)?
4
Suppose -5*f + 4*f + 7 = 0. Suppose 4 = f*r - 10. Suppose -c = r*c - 51. What is the tens digit of c?
1
Let w(a) be the third derivative of a**5/60 + 7*a**4/12 - 11*a**3/2 + 19*a**2. What is the units digit of w(-17)?
8
Suppose 19*p - 9158 = -19*p. What is the hundreds digit of p?
2
Let y = 102 + -170. Let g = y + 111. What is the tens digit of g?
4
Let u be (80/12)/(2/6). Let a = u + -18. Suppose -y = -s + a*s - 12, 5*y + 110 = 5*s. What is the units digit of s?
7
Let n(u) = 4*u + 3. Let w be n(5). Suppose -111 - 14 = -5*c + 5*v, -v = c - w. Suppose 23*b = c*b - 32. What is the tens digit of b?
3
What is the hundreds digit of 544/(-12)*-51*(-4)/(-16)?
5
Let a(p) = -p + 15. Let s(v) = -v + 16. Let r(z) = -6*a(z) + 5*s(z). Let x be r(5). Let w(d) = 3*d**2 + 8*d + 6. What is the tens digit of w(x)?
4
Suppose -2590*m + 2596*m = 18936. What is the tens digit of m?
5
Let w(t) be the first derivative of 3*t**2/2 - 15. Let c be 58/8 + (-1)/4. What is the tens digit of w(c)?
2
Suppose 0 = -12*o + 5*o + 8939. What is the tens digit of o?
7
Suppose z + 77 = 2*k, 5*k - 3*z - 191 = z. Let b = k + 11. What is the units digit of b?
0
Suppose u - 5*o - 25 = 0, -2*u - 2 - 4 = 4*o. Suppose -9*b + 496 = -u*b. What is the hundreds digit of b?
1
Suppose 0 = 6*o - 7750 + 820. Suppose 18*b - 7*b = o. What is the tens digit of b?
0
Let q(p) = 5*p - 10. Let i be q(2). Suppose -k + 2*s = 5*s - 28, -3*s + 6 = i. What is the tens digit of k?
2
Let a(h) be the first derivative of 17*h**5/120 + h**4/8 - h**3 - 10. Let y(z) be the third derivative of a(z). What is the tens digit of y(2)?
3
Let f(o) = 3 + 8*o**2 + 17*o**3 - 34*o**3 + 16*o**3. Let y be f(8). Suppose -y*m - 44 = -5*m. What is the units digit of m?
2
Suppose -3*y - 12 = 0, -4*a - 3*y - 863 = -5*a. What is the units digit of a?
1
Let d(t) = -t**3 + 2*t**2 - 1. Let u be d(-1). Let q be 30/(-10) - -4*u. Suppose -2*h - b + 19 = -17, q*b = -2*h + 52. What is the tens digit of h?
1
Suppose 14365 = 52*n - 11531. What is the units digit of n?
8
Let p(z) = -80*z - 336. What is the units digit of p(-6)?
4
Suppose 65 = -5*q - 5*h, -h = -2*q - 0*h - 23. What is the units digit of (q/14)/((-3)/21)?
6
What is the units digit of 15/(-20) + -2063*(-3)/12?
5
Let s = -240 + 248. What is the units digit of s?
8
Suppose 150 = -o - x, o = -3*x - 138 - 6. Let b = -262 - o. Let q = 169 + b. What is the tens digit of q?
6
Suppose 0 = -3*w + d + 7 + 12, 5*d = -2*w - 10. Let n be 3 + w + -2 + -2. Suppose -n*q + 2*g + 131 = 5*g, -4*g = 3*q - 93. What is the units digit of q?
5
Suppose -4*m + 359 = t, -10*m + 13*m = -4*t + 1384. What is the hundreds digit of t?
3
Suppose 3*p = 5*h + 28, -2*h + 4*h - p + 12 = 0. What is the units digit of 594/h*(-2 - (-4)/(-2))?
7
Suppose -3*m = -4*a + 56, 5*m - 3*a + 82 = 7. Let j(v) be the first derivative of -v**4/4 - 4*v**3 + 4*v - 65. What is the units digit of j(m)?
4
Suppose -2*s - 94 = 30. Suppose -79 = -2*l + 107. Let i = l + s. What is the units digit of i?
1
Suppose -3*z - 21905 = -4*p, z - 18786 = -3*p - 2354. What is the units digit of p?
7
Let z = -102 - -266. Let x = z + -74. What is the tens digit of x?
9
What is the units digit of (16884/210)/(4/10)?
1
Suppose -q - 2*d - 2*d + 90 = 0, -402 = -5*q + 4*d. Suppose 4*t - 5*g = 228, 4*g = -3*t + q + 120. What is the units digit of t?
2
Let n(q) = -q**3 - q**2 + 4*q. Let k be n(-3). Let j(g) = -k*g**2 + 4*g**2 + g**2 - 10*g + 14. What is the units digit of j(-10)?
4
Let x be 4/(-7) + (-250)/(-70). Suppose h + 1 = x. What is the tens digit of 38 - (h - 0)*1?
3
Suppose 16 = -24*i + 25*i. Suppose 2*t - 452 = -i. What is the tens digit of t?
1
Let w = 1 + 4. Suppose 0 = -w*j + 2*o - 0 + 14, j + 4*o = -6. Suppose -k + 4*u + 3 = 0, 3*k + u = -j*k + 57. What is the tens digit of k?
1
Let d = -517 + 141. What is the tens digit of ((-2)/4)/(4/d)?
4
Suppose -3*v + 1684 = -1286. What is the units digit of v?
0
Let n = -988 - -1754. What is the hundreds digit of n?
7
Let f(u) = u**